). Let j(q) = 5. Let k(o) = -1. Let b(x) = -2*j(x) - 9*k(x). Let v(m) = m**2 - 2*m + 1. Let s(r) = 5*b(r) + v(r). Calculate s(f).
-1
Suppose 3*o + 10 = -2*o. Let z(i) = -5*i**2 - 2*i - 1. Let c be z(o). Let h = c - -21. Let r(q) = -q. What is r(h)?
-4
Suppose 0 = -2*s - u + 269, -4*s + 0*u - u + 539 = 0. Let j be 1/(4 - s/35). Let t(l) = l - 8. Determine t(j).
-1
Let w(m) = 5*m - 4. Let y(o) = 2*o - 2. Let u(b) = -3*w(b) + 7*y(b). Let k be u(-5). Suppose -k*t + 4*f = -1, -5 = t - 4*f + 8. Let n(a) = -2*a + 10. Give n(t).
-4
Let w(x) = 2*x + 1. Let t be w(-2). Let y(a) be the second derivative of -3*a - 1/2*a**3 + 0 - 1/2*a**2. Calculate y(t).
8
Let c(l) = -58*l**2 + 32*l**2 + 9*l + 27*l**2 - 7. What is c(-8)?
-15
Let v(w) = 3*w + 9. Suppose -5*a - u - 21 = 0, 217*u = -3*a + 213*u + 1. Calculate v(a).
-6
Let j(a) = a**3 - 36*a**2 - 37*a - 6. Let l be j(37). Let d(t) = t**3 + 6*t**2 - 6*t + 1. Determine d(l).
37
Let y(h) = -6*h + 3*h**2 - 8 - 6*h - 4*h**2. Calculate y(-6).
28
Let z be (2/1)/((-390)/195). Let s(b) = 14*b**2 + 1. Give s(z).
15
Let i(k) be the second derivative of -k**7/2520 - k**6/120 + k**5/30 + 5*k**4/12 - 9*k. Let x(r) be the third derivative of i(r). Calculate x(-3).
13
Let b(k) = k**3 - 12*k**2 - 10*k - 17. Let q(l) = 20*l - 967. Let v be q(49). What is b(v)?
22
Let p(g) = 6*g**2 + 6*g - 4. Let o(m) = m**2 + m - 1. Let u(d) = 5*o(d) - p(d). Give u(2).
-7
Let j(f) = -f - 3*f + 2*f + 1. Calculate j(7).
-13
Let f = 925 - 929. Let i(u) = u**2 + 4*u + 4. What is i(f)?
4
Let w = -14 + 15. Let z(d) = -2*d - w + 5*d**2 + 0*d + 9*d - d**3 + 0*d. Give z(6).
5
Let w(l) = 9*l**3 + 2*l**2 + 2*l + 6. Let h(m) = 4*m**3 + m**2 + m + 3. Let n(z) = 7*h(z) - 3*w(z). Suppose v = 5*t - 15, -13 = -3*v - 5*t + 2. Determine n(v).
3
Suppose i = h - 12, -23 = -4*h - 5*i + 61. Suppose 0 = 11*u - h*u + 35. Let g be (-4 + u + -2)/(-1). Let w(p) = 5*p + 1. Give w(g).
-4
Let z = 321 - 324. Let m(a) = 3*a**2 + 3*a - 3. What is m(z)?
15
Let z(b) = -b**3 + 4*b**2 - 4*b + 2. Let k be z(2). Let g(n) = 7*n**2 - 7*n + 2. Let w(c) = 3*c**2 - 3*c + 1. Let a(p) = k*g(p) - 5*w(p). Calculate a(3).
-7
Let b(p) = p + 26. Suppose 92 + 146 = -14*c. What is b(c)?
9
Suppose -5 + 1 = -v. Let a(f) = -f**2 + 5*f + 1. Let p(m) = -m - 1. Let b(t) = -2*a(t) - 4*p(t). Calculate b(v).
10
Let u(c) be the first derivative of -33 - 5/3*c**3 - 1/4*c**4 - 3/2*c**2 + 3*c. Determine u(-3).
-6
Suppose x - 221 = 4*s, 4*x = -0*s + 4*s + 236. Let b = 61 + s. Let u(g) = -g**2 + 9*g - 4. What is u(b)?
10
Let w be (-1)/(3/(-12)) - 9. Let z(o) = -o - 12. Determine z(w).
-7
Let d = -40 - -69. Let k(n) = 4*n**3 + 27 + n**2 + 2*n - d - 5*n**3. Let m be -1 + (19 + -3)/4. Calculate k(m).
-14
Let i(m) = 14*m**2 - 6*m + 29. Let d(k) = 19*k**2 - 7*k + 30. Let z(u) = -3*d(u) + 4*i(u). Give z(-8).
-14
Let j(i) = i - 2. Let h be j(5). Let x(k) = -k**h + 0*k**3 - 6 - 6*k**2 + k**3 + k + k**3. Suppose 0 = -4*b + 37 - 13. What is x(b)?
0
Let s(w) = 12*w + 54. Let g be s(-5). Let i(d) = d**2 + 9*d + 9. What is i(g)?
-9
Let w(u) = 18 - u - 2 - 16. Determine w(-8).
8
Let l be (-22)/(-4) + 6/12 + -4. Suppose 2*n + 0*n + 28 = 4*s, -l*s + 6 = n. Let z(q) = -q - 2. Give z(n).
2
Suppose -2*t + 17 = -5*v, -5*t = 5*v - 8 + 18. Let a(g) = 5*g**2 - g. What is a(t)?
4
Let x = -2 + 6. Suppose -x*i = 4*d - 14 + 2, -2*d = -i - 3. Let f(c) = -c - 3*c**2 + 7 + 7 + 9*c**3 - 8*c**3 + 4*c**d. Calculate f(0).
14
Let z(x) = -x**2 - 15*x - 45. Let u be z(-3). Let r(n) = -n + 6. Calculate r(u).
15
Let u(r) = r - 5. Let g(x) = 3*x + 3*x + 36 - 66. Let l(k) = 6*g(k) - 34*u(k). Let m be l(8). Let w(n) = n - 6. Give w(m).
0
Let r(m) = -15*m**2 + 22*m - 8. Let s(v) = 7*v**2 - 11*v + 4. Let k(f) = -2*r(f) - 5*s(f). Let q(l) = 3*l**2 - 7*l + 3. Let i(w) = -5*k(w) - 8*q(w). Give i(0).
-4
Suppose -15 = 4*q + 5. Let d(k) = k**2 - 6*k + 28. Let r(x) = -6*x**2 + 31*x - 151. Let t(a) = 11*d(a) + 2*r(a). Give t(q).
1
Let i be 130/(-18) - (14 + 384/(-27)). Let z(g) = -g**3 - 6*g**2 + 5*g - 9. Give z(i).
5
Let k be (1/(-2))/((-1)/(-10)). Let v be (-4)/20 + (-6)/k. Let j(a) = 0 + 0*a - a - 2*a + v. Give j(2).
-5
Let u(r) = -2*r**3 + 18*r**2 - 5*r - 20. Let q(t) = 1. Let d(v) = q(v) + u(v). Let n(z) = -z**3 + 9*z**2 - 3*z - 9. Let k(c) = -4*d(c) + 9*n(c). Determine k(8).
3
Suppose -50 = -86*b + 208. Let q(v) be the second derivative of v**5/20 - 5*v**4/12 - v**3/2 + v**2/2 + v. What is q(b)?
-26
Let x be ((-1)/(-3))/(((-14)/3)/14). Let o(n) = 39*n**3 + n. Calculate o(x).
-40
Let i(w) = w - 8. Let j = -24 + 16. Let q = j + 42. Suppose 4*r = -12, -2*r - q = -6*h + 2*h. Determine i(h).
-1
Let o(v) = v - 6. Let u be o(8). Suppose -3*x = -4*i - 13, 3*x - i = i + 11. Let m(z) = -2*z**2 - z - 2*z - z**x + z**3 + 3 + 2*z**3. Give m(u).
5
Let x(h) = -h**2 - 5*h - 13. Let j(w) = -w**2 - 6*w - 14. Let n(v) = 5*j(v) - 6*x(v). Let p = 3 - -1. Suppose -p*z = -2*z. Give n(z).
8
Let c(i) be the second derivative of -i**4/12 - 2*i**3/3 + 4*i**2 + i. Let n be (48/28)/((-8)/28). Calculate c(n).
-4
Suppose -5 = -3*q - n, n + 1 = -q - 0. Suppose -27 = -j - 24. Let p(u) = -2*u**3 - u**j + 9*u**3 - 2*u - 2*u**2 - 4 - 5*u**3. Give p(q).
-1
Let c(t) = -t**3 - t - 2. Let x(z) = 20*z**3 + z**2 - 8*z - 19. Let q(k) = 7*k**3 - 3*k - 6. Let l(r) = 17*q(r) - 6*x(r). Let u be l(-5). Calculate c(u).
-12
Suppose -3*q + 27 = 2*v, 0 = -3*q - 2*v + 7*v + 6. Let t(h) be the second derivative of -h**5/20 + 7*h**4/12 - h**3/6 - h**2 + 210*h. Calculate t(q).
-9
Let q(n) = -8*n. Let z(u) = u + 1. Let f(s) = -q(s) + z(s). Suppose 7*i - 32 + 39 = 0. Calculate f(i).
-8
Let g(y) be the first derivative of -y**5/20 - y**4/12 + y**3/3 + y**2 + 18*y - 2. Let d(r) be the first derivative of g(r). Determine d(-2).
2
Let o(s) = -s**3 + 5*s**2 + 5*s - 8. Let i = 11 + -19. Let b be i/(-12) - (-48)/9. What is o(b)?
-14
Let s be (-1)/(-1) + (3 - 3). Let b(y) = y**2 - 28*y + 117. Let c be b(5). Let a(q) = 4*q + c*q + q**2 - 2*q + s. Determine a(-5).
6
Let p(b) be the second derivative of b**6/240 + b**4/3 - 9*b. Let a(h) be the third derivative of p(h). Give a(1).
3
Let s(m) = -m + 5. Let g be (-9)/6*(12 - 14). Let b(k) = -k + 1. Let i(x) = -9*x + 12. Let f(w) = 5*b(w) - i(w). Let v be f(g). What is s(v)?
0
Suppose -d - 2*f + 4*f - 2 = 0, 0 = -d + 5*f - 14. Suppose 0 = u - d*u. Let s(n) = u*n**3 - 6*n**2 - 3*n - 5*n**3 - 6 + 4*n**3 + 0. Calculate s(-6).
12
Let h = -51 + 53. Let s(k) = 17 + 20 + 18 - 56 + 2*k**h. Let f(a) = 2*a**3. Let p be f(1). Calculate s(p).
7
Let r(j) be the third derivative of 0*j**3 - j**2 + 0*j + 1/6*j**4 - 1/120*j**5 + 1/720*j**6 + 0. Let b(g) be the second derivative of r(g). Calculate b(0).
-1
Let w = -86 + 85. Let n(o) = -o + 3. Let p = 12 + -19. Let b(m) = -m + 4. Let r(a) = p*n(a) + 5*b(a). Calculate r(w).
-3
Let s(x) be the first derivative of x**3/3 + 3*x**2 - 5*x + 11. What is s(-7)?
2
Suppose -7*q = -3*q - 24. Let c(y) = -2*y**2 + 4 - 5*y - y**3 + 4*y**2 + q*y**2 - 3*y**2. Give c(3).
7
Let h = -338 - -326. Let g(l) = -l**3 - 11*l**2 + 13*l + 12. What is g(h)?
0
Let y(q) = -2*q + 34. Suppose -5*x = 3*w - 42, -3*x + 30 = -3*w + 72. What is y(w)?
6
Let w(o) be the second derivative of -o**6/720 - o**5/20 - o**4/3 - 18*o. Let h(b) be the third derivative of w(b). Give h(-6).
0
Let q(o) be the first derivative of -o**5/60 - o**4/6 + 2*o**3/3 + 5*o**2 + 16. Let f(p) be the second derivative of q(p). Determine f(-4).
4
Let n = 2 - 0. Let r(i) = i**2 + i - 1. Let k(v) = -v**3 + 5*v**2 + 7*v - 7. Let u be 3/(-5) - 119/35. Let p(m) = u*r(m) + k(m). Calculate p(n).
-1
Let f(o) be the second derivative of -o**7/2520 - o**6/360 - o**5/40 - 4*o**4/3 + 10*o. Let j(t) be the third derivative of f(t). Calculate j(-3).
-6
Let u(n) = -n**3 + 4*n**2. Let s be u(3). Let o(j) = -2*j**2 - 2*j + j + s*j**2. Calculate o(1).
6
Let b(j) = -35*j + 19*j + 2 + 17*j - 3. Let x(a) = -a. Let t(g) = g**3 + 4*g**2 + 4*g. Let d be t(-3). Let c(f) = d*x(f) + b(f). What is c(1)?
3
Let c = -98 + 172. Suppose -4*n - 2*z = -c, -3*n = -2*z + 1 - 53. Let w(q) = q**2 + 12 - 24 - 5*q + n. Determine w(5).
6
Let a(c) = -12. Let t(i) = -3*i + 25. Let d(o) = -2*a(o) - t(o). Determine d(2).
5
Let n(c) = -c**3 + 6*c**2 + 8*c - 7. Suppose 3*x - 98 = 5*x - 4*h, 4*x = -h - 160. Let s = x - -48. Determine n(s).
0
Let s(k) =